common factor of 11055268 and 2556.
284
Calculate the greatest common divisor of 38 and 875181002.
38
Calculate the highest common factor of 90770 and 638.
58
What is the highest common factor of 552288 and 297?
33
Calculate the highest common divisor of 207 and 19699191.
9
What is the highest common divisor of 168888 and 712?
8
What is the highest common divisor of 2725987 and 32813?
209
Calculate the highest common factor of 14060075 and 100.
25
What is the highest common divisor of 588 and 115745?
7
What is the greatest common factor of 2396 and 238402?
1198
Calculate the greatest common factor of 66568 and 7425472.
1256
Calculate the highest common divisor of 1010 and 72922.
202
Calculate the greatest common divisor of 1407732 and 20002.
146
What is the greatest common divisor of 554878 and 15998?
842
Calculate the highest common factor of 42 and 148422526.
14
Calculate the greatest common divisor of 1734652 and 596.
4
What is the highest common factor of 24757107 and 111?
111
What is the greatest common divisor of 2365779 and 17?
1
What is the highest common divisor of 14364 and 12013596?
756
What is the greatest common divisor of 119 and 97426133?
119
Calculate the greatest common divisor of 17 and 96650.
1
Calculate the greatest common divisor of 209376 and 1260.
36
What is the highest common factor of 64344490 and 18904?
4726
What is the greatest common factor of 764531 and 165723?
37
Calculate the greatest common divisor of 10235 and 592616735.
10235
Calculate the highest common factor of 5812 and 543299948.
5812
What is the greatest common factor of 499 and 2945?
1
What is the greatest common factor of 1298 and 581636?
22
Calculate the greatest common divisor of 354 and 1269007990.
118
Calculate the highest common factor of 169165 and 117415.
115
Calculate the highest common factor of 12222729 and 6465.
1293
Calculate the greatest common divisor of 36537 and 1672369.
641
Calculate the greatest common divisor of 96 and 7871862.
6
What is the greatest common factor of 34440448 and 896?
896
What is the greatest common factor of 11671 and 119823?
11
Calculate the greatest common factor of 5697037 and 581.
83
What is the greatest common divisor of 1687927 and 1057048?
1861
What is the highest common factor of 25309954 and 1251?
139
Calculate the greatest common factor of 575 and 2899035.
115
Calculate the highest common divisor of 300428 and 16492.
76
What is the highest common factor of 3030 and 166945930?
1010
What is the highest common factor of 4741786 and 52830?
1174
What is the greatest common factor of 7091434 and 126?
14
What is the highest common factor of 1543 and 101958354?
1543
Calculate the highest common factor of 102388 and 25520.
44
Calculate the greatest common divisor of 215 and 303444593.
43
Calculate the greatest common divisor of 245 and 230021295.
35
Calculate the highest common factor of 91589 and 494854.
1367
Calculate the highest common divisor of 4325048 and 126.
14
What is the greatest common divisor of 40244 and 964?
4
Calculate the greatest common divisor of 74474 and 22202966.
3238
What is the highest common factor of 13639687 and 2234?
1117
What is the greatest common factor of 951060 and 2354?
22
What is the highest common factor of 6960508 and 9376?
1172
Calculate the greatest common factor of 23532 and 210781.
53
Calculate the highest common divisor of 652256 and 46376.
1496
What is the highest common factor of 3496 and 59698?
38
Calculate the greatest common divisor of 4342 and 19948818.
334
What is the highest common divisor of 34830 and 1379010?
1290
What is the greatest common divisor of 687656664 and 68?
68
What is the highest common divisor of 6795907 and 71?
71
What is the greatest common factor of 10545491 and 4301?
187
What is the greatest common factor of 11040330 and 2835?
105
What is the greatest common factor of 1359015 and 55615?
245
Calculate the highest common divisor of 55 and 15475361.
11
Calculate the highest common divisor of 25202586 and 24708.
426
Calculate the highest common factor of 20 and 176064272.
4
Calculate the greatest common divisor of 119875 and 163625.
875
What is the greatest common divisor of 1158 and 61315714?
386
What is the greatest common factor of 2128 and 593656?
56
What is the highest common divisor of 41017438 and 1232?
154
What is the greatest common divisor of 2180 and 1086720?
20
What is the highest common factor of 773226 and 8772774?
9546
What is the highest common factor of 5933 and 580669?
17
What is the highest common divisor of 649932269 and 7?
7
Calculate the highest common divisor of 1637850 and 4833.
537
Calculate the highest common factor of 94129 and 9571.
17
Calculate the highest common factor of 6167 and 12476722.
881
What is the greatest common divisor of 116253 and 16329?
3
What is the greatest common factor of 66 and 55986624?
6
Calculate the greatest common factor of 728 and 3486262.
26
Calculate the greatest common factor of 5325166 and 132.
22
What is the highest common divisor of 48503733 and 30684?
7671
Calculate the greatest common divisor of 36 and 104488908.
12
Calculate the greatest common factor of 135 and 1812395.
5
What is the highest common factor of 220 and 170896484?
44
Calculate the greatest common factor of 4 and 135186120.
4
Calculate the highest common divisor of 55837058 and 5646.
1882
What is the greatest common divisor of 11 and 40562247?
11
Calculate the highest common factor of 521526 and 24.
6
Calculate the greatest common divisor of 28420 and 54897290.
2030
Calculate the greatest common factor of 2977 and 59070321.
229
What is the highest common factor of 20 and 6642980?
20
What is the highest common factor of 18900 and 294084?
756
What is the highest common factor of 4272426 and 13806?
1062
Calculate the highest common factor of 99269 and 2260711.
1873
What is the highest common divisor of 451 and 74697326?
451
What is the greatest common divisor of 2650842 and 4554?
414
Calculate the greatest common divisor of 144146632 and 392.
392
What is the greatest common divisor of 192 and 31699776?
192
Calculate the greatest common divisor of 142010984 and 2515.
503
Calculate the greatest common factor of 6822 and 478928277.
3411
Calculate the greatest common divisor of 838974 and 228.
6
Calculate the highest common factor of 9325746 and 109662.
2238
What is the greatest common divisor of 2015960 and 45?
5
What is the highest common divisor of 26129466 and 782595?
9207
What is the highest common divisor of 112868024 and 597?
199
What is the highest common factor of 373001 and 265984?
1039
What is the highest common factor of 146536 and 9710828?
5636
Calculate the highest common divisor of 1512 and 941109624.
1512
Calculate the greatest common divisor of 4245437 and 7.
7
What is the highest common factor of 4692483 and 369?
9
Calculate the highest common factor of 880339 and 35518.
2537
What is the highest common factor of 39900 and 6626250?
2850
What is the greatest common divisor of 75495 and 11359481?
5033
Calculate the highest common divisor of 49079698 and 15010.
3002
What is the highest common factor of 792984 and 26640?
888
Calculate the highest common factor of 55119 and 3101169.
2901
What is the highest common factor of 271082 and 448?
14
Calculate the greatest common factor of 7 and 4713016.
7
Calculate the greatest common divisor of 165 and 170113735.
55
Calculate the greatest common divisor of 1204 and 2842300.
172
Calculate the highest common divisor of 272 and 32850868.
68
What is the greatest common divisor of 45 and 59574750?
15
Calculate the greatest common factor of 25051 and 1079.
13
What is the greatest common divisor of 16544840 and 1755?
65
What is the greatest common divisor of 1410 and 8978410?
470
What is the highest common divisor of 6000 and 1050286000?
2000
What is the greatest common divisor of 2804139 and 1755?
351
What is the highest common divisor of 616677927 and 2812?
703
What is the greatest common factor of 175996 and 44435164?
7652
Calculate the highest common factor of 455117922 and 14.
14
What is the highest common factor of 574 and 11352285?
287
What is the highest common factor of 278938590 and 1470?
210
Calculate the highest common factor of 3133638 and 24.
6
Calculate the greates